t j(v) = 21*v - 243. Determine j(11).
-12
Let o(t) = -46*t**2 - 183*t - 1. Give o(-4).
-5
Let r(p) = -p**3 + 16*p**2 + 103*p + 46. Give r(21).
4
Let z(a) = -70*a - 1186. What is z(-22)?
354
Let p(y) = -y**3 - 27*y**2 - 142*y - 9. Give p(-7).
5
Let m(c) = -c**3 - 56*c**2 - 455*c + 212. What is m(-46)?
-18
Let q(j) = -12*j - 1220. Give q(-87).
-176
Let x(b) = 820*b + 3260. Calculate x(-4).
-20
Let i(j) = -54*j**2 + 1127*j + 115. Determine i(21).
-32
Let z(y) = y**3 + 33*y**2 + 121*y + 32. What is z(-4)?
12
Let q(k) = k**3 + 45*k**2 - 143*k + 133. Determine q(-48).
85
Let f(l) = -l**2 + 12*l + 175. What is f(-9)?
-14
Let l(s) = 257*s + 10783. What is l(-42)?
-11
Let o(y) = -2*y**3 + 8*y**2 - 23*y + 108. Determine o(5).
-57
Let x(s) = -5300*s - 37117. What is x(-7)?
-17
Let r(v) = 4*v - 177. Give r(32).
-49
Let p(i) = i**3 + 12*i**2 + 10*i + 287. What is p(-13)?
-12
Let i(o) = 658*o + 5908. Give i(-9).
-14
Let v(j) = 4*j**2 + 61*j - 43. Determine v(-16).
5
Let z(g) = -4*g**3 + g**2 + 14*g + 8. What is z(-2)?
16
Let m(v) = -3*v**2 + 50*v + 19. Calculate m(16).
51
Let t(g) = 25*g**2 - 1092*g - 1095. Determine t(-1).
22
Let c(q) = -2*q**2 + 30*q - 272. Give c(8).
-160
Let f(k) = -10*k**2 - 632*k + 1843. Determine f(-66).
-5
Let h(d) = 3*d**2 - 254*d - 1425. What is h(90)?
15
Let a(j) = 37*j**2 + 8*j - 1. What is a(2)?
163
Let u(b) = -423*b - 11420. Determine u(-27).
1
Let a(f) = f**2 + 28*f + 173. Determine a(-17).
-14
Let g(c) = -2381*c - 7142. Give g(-3).
1
Let a(p) = -2*p**3 + 10*p**2 + 6*p - 18. Give a(6).
-54
Let l(b) = 82*b - 125. Calculate l(4).
203
Let o(y) = y**2 - 16*y - 364. Give o(27).
-67
Let i(j) = j**3 - 46*j**2 + 360*j. Determine i(10).
0
Let u(s) = -18*s**2 - 22*s + 61. Calculate u(-3).
-35
Let c(a) = 9*a - 26. What is c(-4)?
-62
Let h(r) = -96*r - 3288. Give h(-34).
-24
Let a(o) = 6917*o + 27676. What is a(-4)?
8
Let q(i) = 513*i + 728. Determine q(-2).
-298
Let h(o) = o**2 - 36*o - 220. Determine h(-5).
-15
Let b(l) = 129*l + 1822. Calculate b(-12).
274
Let i(u) = u**2 - 34*u - 49. Calculate i(33).
-82
Let h(m) = -m**2 + m + 14. What is h(-5)?
-16
Let i(n) = n**2 - 54*n - 439. What is i(61)?
-12
Let t(p) = -73*p + 210. Determine t(0).
210
Let u(g) = -41*g**2 - 127*g + 6. Give u(-5).
-384
Let t(c) = -4*c**2 + 903*c - 1806. What is t(2)?
-16
Let u(r) = r**3 - 73*r**2 - 263*r - 16671. Determine u(79).
-2
Let j(x) = -x**3 - 42*x**2 + 88*x. Determine j(-44).
0
Let w(p) = -327*p + 1304. What is w(4)?
-4
Let f(g) = 1061*g - 200525. Determine f(189).
4
Let a(g) = 7*g + 278. What is a(-44)?
-30
Let y(v) = -267*v - 2114. Calculate y(-8).
22
Let z(g) = 8*g - 122. Calculate z(16).
6
Let t(c) = c**2 + 26*c + 40. What is t(-19)?
-93
Let r(o) = -25*o**3 + 2*o**2 + o + 3. Determine r(-1).
29
Let t(h) = 6*h**2 - 28*h + 44. Calculate t(3).
14
Let w(z) = 4*z**2 - 98*z - 12049. Determine w(-44).
7
Let o(s) = -19*s**2 + 65*s + 64. Give o(-1).
-20
Let o(p) = -4*p + 101. What is o(23)?
9
Let o(x) = x**2 + 9*x - 16. Give o(-14).
54
Let u(o) = o**2 - o - 12. What is u(0)?
-12
Let d(k) = -k**3 + 255*k**2 - 757*k + 252. Determine d(252).
0
Let w(i) = 26*i - 761. Determine w(30).
19
Let c(n) = -n**2 - 17*n + 24. Determine c(-18).
6
Let s(x) = x**2 - 124*x + 1085. Give s(9).
50
Let h(n) = -10*n + 50. What is h(-26)?
310
Let i(l) = -l**3 - 60*l**2 - 373*l - 162. What is i(-53)?
-56
Let i(d) = -d**3 + 6*d**2 + 63*d - 10. Determine i(-6).
44
Let h(m) = m**3 + 15*m**2 + 9*m - 39. What is h(-14)?
31
Let k(b) = -2*b**2 - 17*b + 41. Determine k(3).
-28
Let t(w) = -18*w - 151. Calculate t(-7).
-25
Let r(n) = -n**3 + 8*n**2 + 10*n + 21. Determine r(10).
-79
Let w(l) = 8*l**2 - 38*l - 284. Calculate w(-4).
-4
Let r(x) = x**3 - 43*x**2 + 41*x - 127. What is r(42)?
-169
Let f(o) = 16*o**2 + 178*o - 170. Calculate f(-12).
-2
Let g(o) = -65*o**2 - 34*o - 28. Calculate g(-1).
-59
Let q(u) = -2*u + 30. Determine q(12).
6
Let z(k) = -2*k**2 - 18*k - 150. What is z(-5)?
-110
Let a(y) = 2*y**2 - 4*y - 388. What is a(16)?
60
Let d(y) = -y**3 + 23*y**2 + 119*y - 287. What is d(27)?
10
Let p(j) = 14*j**2 - 215*j - 83. What is p(14)?
-349
Let o(m) = -m**3 + 15*m**2 - 60*m + 3. What is o(8)?
-29
Let h(m) = 3*m**3 - 7*m**2 - 39*m - 5. What is h(-5)?
-360
Let w(o) = -129*o**2 + 1288*o + 24. Give w(10).
4
Let t(a) = -255*a - 1047. Determine t(-4).
-27
Let o(p) = -85*p + 124. Give o(2).
-46
Let i(w) = w**3 - 4*w**2 + 26*w - 84. Give i(3).
-15
Let r(g) = g**3 + 55*g**2 - 60*g - 211. Give r(-56).
13
Let a(d) = 51*d**2 - 569*d + 85. What is a(11)?
-3
Let r(w) = 2*w**2 - 34*w + 198. What is r(15)?
138
Let a(l) = 9*l**3 - 8*l**2 - 19*l - 14. What is a(-2)?
-80
Let s(d) = -17*d + 672. Determine s(41).
-25
Let a(d) = 38*d - 67. Calculate a(5).
123
Let b(i) = i**2 + 45*i - 218. Calculate b(-49).
-22
Let g(b) = 2*b**2 + 5*b - 3. Determine g(-8).
85
Let g(v) = -v**3 + 72*v**2 + 34*v - 2453. Give g(72).
-5
Let a(b) = -b**3 + 78*b**2 - 43*b - 8280. Determine a(76).
4
Let w(x) = 2*x**3 + 55*x**2 + 28*x + 30. Determine w(-27).
3
Let z(v) = -15*v**2 - 35*v + 189. Calculate z(-5).
-11
Let s(j) = -j**3 - 32*j**2 + 68*j - 401. Calculate s(-34).
-401
Let u(n) = -362*n + 727. Determine u(2).
3
Let d(f) = -5*f**3 + 13*f**2 + 10*f - 18. Calculate d(3).
-6
Let x(h) = 10*h**2 - 14*h + 25. Determine x(7).
417
Let r(g) = 6*g**3 + 10*g**2 - 58*g - 68. What is r(-1)?
-6
Let x(p) = -55*p + 494. Determine x(9).
-1
Let c(n) = -n**3 - 8*n**2 - 14*n + 1. Calculate c(-4).
-7
Let p(r) = -172*r - 16320. Give p(-95).
20
Let h(y) = y**2 - 147*y + 1486. Give h(11).
-10
Let j(b) = -b**3 + 3*b - 10. Give j(-3).
8
Let y(f) = -3*f**3 + 318*f**2 + 5039*f + 113. What is y(120)?
-7
Let k(f) = -f**2 - 195*f - 575. Give k(-192).
1
Let z(f) = 2*f**3 + 168*f**2 - 7*f - 503. Determine z(-84).
85
Let d(i) = 4387*i - 4423. What is d(1)?
-36
Let i(g) = 356*g**2 + 16*g - 12. What is i(1)?
360
Let w(s) = -s + 328. Give w(0).
328
Let y(t) = 6*t**2 - 94*t + 266. Determine y(12).
2
Let p(d) = -d**3 + 146*d**2 - 548*d - 2843. Give p(142).
-3
Let x(j) = -j**3 - 5*j**2 + 13*j + 12. Give x(-10).
382
Let p(v) = -3*v**2 + 2. Give p(0).
2
Let s(v) = v**3 + 22*v**2 + 138*v + 250. Determine s(-6).
-2
Let b(p) = 21*p**2 + 29*p - 75. Calculate b(3).
201
Let d(h) = h**3 + 11*h**2 - 156*h - 73. Determine d(-19).
3
Let n(c) = 5*c**2 - 63*c + 44. Give n(14).
142
Let h(c) = -4*c**2 + 82. Calculate h(7).
-114
Let k(f) = 891*f + 1778. Give k(-2).
-4
Let v(y) = y**2 + 52*y - 3163. What is v(-88)?
5
Let x(k) = -22*k**3 - 2*k**2 + 93*k - 92. Calculate x(1).
-23
Let m(x) = 14*x + 863. Determine m(-62).
-5
Let q(k) = 25*k**2 + 76*k. Calculate q(-3).
-3
Let c(w) = 98*w - 108. Determine c(1).
-10
Let q(p) = -p**3 - 44*p**2 - 59*p + 867. Calculate q(-42).
-183
Let l(w) = 64*w - 6432. Give l(101).
32
Let g(o) = 52*o**3 + o**2 - 7*o - 8. Give g(-1).
-52
Let j(l) = -l**3 - 4*l**2 + 80*l + 4. Calculate j(-12).
196
Let y(w) = w**2 - 42*w + 82. Calculate y(2).
2
Let s(t) = t**3 - 35*t**2 - 501*t - 5. Calculate s(-11).
-60
Let m(z) = -z**3 - 9*z**2 + 43*z + 6. Give m(4).
-30
Let b(f) = 3*f - 20. Give b(10).
10
Let z(x) = -4*x**3 - 11*x**2 - 5*x - 1. Calculate z(-3).
23
Let a(m) = 2*m**2 + 15*m + 10. What is a(-7)?
3
Let g(a) = 670*a - 6578. Give g(10).
122
Let n(k) = k**2 - 40*k + 393. Determine n(13).
42
Let d(b) = b**3 + 22*b**2 - 19*b - 24. Give d(-23).
-116
Let u(w) = -w + 109. Calculate u(20).
89
Let k(g) = 167*g + 47099. Calculate k(-282).
5
Let o(d) = -3*d**2 - 382*d - 123. What is o(-127)?
4
Let b(j) = -71*j**2 - 66*j - 63. What is b(-1)?
-68
Let k(h) = -55*h - 630. What is k(-11)?
-25
Let o(x) = -55*x**2 - 4068*x + 132. Determine o(-74).
-16
Let l(d) = -d**3 - 9*d**2 - 11*d - 5. Calculate l(-7).
-26
Let y(f) = 3*f**2 + 17*f - 16. Determine y(6).
194
Let q(o) = -27*o - 2439. Calculate q(-91).
18
Let p(z) = 9*z**2 + 10. Give p(-7).
451
Let u(j) = 10*j - 23. Determine u(3).
7
Let s(f) = -3*f**3 - 23*f**2 - f - 70. What is s(-8)?
2
Let f(k) = k**2 + 7*k - 1461. Determine f(35).
9
Let x(b) = 110*b + 30. What is x(-1)?
-80
Let d(o) = 75*o + 672. Give d(-8).
72
Let a(k) = -17*k - 20. Determine a(-3).
31
Let z(m) = -m**3 + 34*m**2 + 303*m + 536. Calculate z(-5).
-4
Let z(q) = -2*q**3 - 10*q**2 + 36*q + 149. What is z(-6)?
5
Let h(a) = -3453*a + 3418. Determine h(1).
-35
L